derivative of -i**4/24 + 5*i**3/3 + i**2. What is d(o)?
4
Let y be (-16)/(-10) - (-14)/35. Let t(m) = -y*m + m**2 + 4*m + 5 - 2*m. Let n(s) = s - 7. Let p be n(7). Calculate t(p).
5
Let x(z) = -z**3 - 9*z**2 + 19*z - 31. Let q be x(-11). Let j(h) be the first derivative of 4*h + 1/2*h**q - 5. Determine j(3).
7
Let z(x) = 238*x + 239*x - 474*x. Suppose -14 = 2*m - 6*w + 3*w, -w = -3*m - 7. Let b = -3 + m. What is z(b)?
-12
Let s(m) = -38 + 24*m + 27 - 25*m. Determine s(-10).
-1
Let g(s) be the third derivative of s**6/120 - 7*s**5/60 + s**4/24 - 7*s**3/6 + 17*s**2 + 1. Calculate g(7).
0
Let i(f) = f**2 - 13*f + 16. Let a be i(12). Let w(n) = 47*n - 22*n - 6 - n**2 - 18*n. What is w(a)?
6
Let f(i) = -4*i**3 + 7*i**2 - 8*i + 2. Let m(s) = -3*s**3 + 7*s**2 - 4*s + 3. Let n(y) = 2*f(y) - 3*m(y). Determine n(7).
-33
Let t(a) = -a**3 - 5*a**2 - 2*a + 2. Let j(o) = -o**3 - o**2 + 3. Let v be j(0). Let m be (-1)/(-2)*12 - v. Suppose m*r - 4 = -16. Determine t(r).
-6
Suppose 0 = v - 4*u + 14, 4 = 3*v - 5*u + 53. Let m(l) = l**2 + 20*l + 35. Determine m(v).
-1
Let q = -133 - -140. Let j(c) = -c**2 + 4*c + 10. Determine j(q).
-11
Let j(f) = f**3 + f + 6. Let a(h) = -1 + 2 + 0 + h - 5. Let n be a(4). Calculate j(n).
6
Let p be -3 + 2 + -4 + 2. Suppose 12*d - 4*d = 16. Let n(j) = 1 + j**d - 37*j + 38*j - 3. What is n(p)?
4
Let z(d) = -2*d**3 + 13*d**2 - 9*d + 25. Let o be z(6). Let r(a) = a**3 - 8*a**2 + 7*a + 5. Give r(o).
5
Suppose 4*n - 12 = 8. Let z(w) be the second derivative of w**5/20 - 5*w**4/12 - w**3/3 + 3*w**2/2 + 2051*w. What is z(n)?
-7
Suppose 4*u - t = 3*u, u = -3*t. Let d(j) = -6 + 7*j - j - 5*j. Calculate d(u).
-6
Let p = 7 - 7. Suppose p - 2 = -g. Suppose -s = 4*l + 20, -4*l = g*s - 6*s. Let v(m) = -m**3 - 2*m**2 + 6*m + 3. Calculate v(l).
11
Let x = -2 + -4. Let o be 12/(-3) - (-6)/x. Let z(h) = h**3 + 5*h**2. Give z(o).
0
Let j(l) = -3*l - 4. Let z(g) = g. Let s(w) = -j(w) - 4*z(w). Let n(c) = -c - 1. Let v(k) = -2*n(k) - s(k). Let p be (44/8 + -6)/(1/(-6)). Determine v(p).
7
Let t(u) be the second derivative of u**8/2240 + u**7/1260 - u**5/120 + 2*u**4/3 - 6*u. Let k(g) be the third derivative of t(g). What is k(-1)?
-2
Let o(j) = -9*j. Suppose 235 = -71*v + 118*v. Give o(v).
-45
Let t(r) = 8*r**3 + 3*r**2 - 4*r - 9. Let m(c) = -13*c**3 - 4*c**2 + 6*c + 14. Let q(x) = 5*m(x) + 8*t(x). Give q(2).
2
Let y(u) = 15*u**2 + 2 + u**3 - 3*u - 10*u - u + 11 - 2*u. Calculate y(-16).
13
Let a = -43 + 50. Suppose a*m - 10*m = 3. Let i(o) = o**2 - 2*o - 1. Calculate i(m).
2
Suppose -5*m = 4*o - 70, 2*m - 16 = -2*o - 2*o. Let d be m/(-81) + 148/18. Let y be d - (1 - 3)/(-2). Let u(x) = -x**3 + 6*x**2 + 6*x + 4. What is u(y)?
-3
Suppose 4*j - v + 12 = -5*v, 2*v = -10. Let u(r) = -4*r**2 + 2. Give u(j).
-14
Let o(s) be the third derivative of -s**8/20160 + s**7/2520 + s**6/144 - 17*s**5/60 - 5*s**2. Let f(d) be the third derivative of o(d). Calculate f(5).
-10
Let h be -3*84/(-27) - 1/3. Let n(r) = r**2 - 8*r + 9. Calculate n(h).
18
Let k = 4 - 0. Let m(o) = 6 - o - 7 - k*o. Let z = -5 - -2. Give m(z).
14
Let i(s) = -s**3 - s**2 - 3*s - 2. Let k(x) = 8 + x**3 + 0*x**3 + 10*x + 7*x**2 + 4*x + 2*x**2. Let f be k(-7). Let d = -10 + f. Determine i(d).
8
Let q(a) = 2*a**3 - 2. Let d(x) = -7*x**3 - 4*x**2 + 5*x + 8. Let r(t) = d(t) + 4*q(t). Determine r(2).
2
Suppose -5*g + 3*f + 12 = 0, 4*g - 3*g - 5*f = 20. Suppose 6*a + 29 - 5 = g. Let m be (-1 - a)*-1 - 0. Let k(s) = 3*s. Give k(m).
-9
Suppose -9 = 2*g - 5*g. Let s be (5/(-2))/((-63)/(-6) + -11). Let l = g - s. Let h(v) = v**3 + 3*v**2. Calculate h(l).
4
Let r = -142 + 145. Let z(d) = 10 + 6*d**3 - 6*d**3 + d**r + 11*d**2 + 11*d. Determine z(-10).
0
Suppose 0 = 4*f - 0*f - 8. Let m(o) = -1 + 0*o - f + 2 + o. Calculate m(2).
1
Let x(r) = -3*r**2 + 2*r - 1. Let h = 1 + 43. Let q = h + -43. Determine x(q).
-2
Let w(c) be the second derivative of -10*c + 0 - c**2 + 1/6*c**3. What is w(2)?
0
Let m(s) = 9*s**2 - 6*s**2 - s**2. Let f = 8 - 6. Suppose -5*y + 2*j - 9 - f = 0, j + 1 = -4*y. Give m(y).
2
Suppose -11*k - 38*k = 0. Let v(f) be the second derivative of k - f**3 - 2*f - 5/2*f**2 - 1/12*f**4. Determine v(-6).
-5
Let j be (1 + 0)*(-20)/(-2). Suppose -2*z + 16 = j. Let a(f) = f**z + 3*f**2 + 6*f - 10*f - 2*f - 5. Determine a(-4).
3
Suppose 0 = 3*o - 3*a + 5 - 8, -4*o - 5*a = 14. Let m(g) = 1 - 3*g**2 + g + g**2 + 0*g. Determine m(o).
-2
Let y(h) = h**3 + 4*h**2 - 2. Let f = -5 + 1. What is y(f)?
-2
Let i(a) = -5 - 1 + a**2 - 5*a + 10. Let s(b) = b**2 + 5. Suppose 5*d = -y - 2*y + 5, y - 4*d = -4. Let g be s(y). What is i(g)?
4
Let v(f) = -f**2 + 9. Let c be -2 - 1 - 2*(-3)/6. Let h be (-4)/20 - c/10. Calculate v(h).
9
Let b(k) = -3*k - 4. Suppose 0 = -4*a + 4*n, 3*n - 3 - 5 = a. Suppose -o = -a*o + i + 14, 5*o + 2*i = 5. What is b(o)?
-13
Let n(g) = -6*g + 0*g**2 - 2*g + 5*g**2 - 8 - 6*g**2. Let h = -26 - -29. Suppose q = 2*l + 10, h*l = -q - 0*q - 20. What is n(l)?
4
Let d(w) = 11*w - 2. Let k(f) be the first derivative of -3*f**2 + f - 23. Let l(y) = -2*d(y) - 5*k(y). Calculate l(1).
7
Let y(n) = 7*n**2 + 35*n - 6. Let r(u) = 20*u**2 + 100*u - 17. Let q(z) = 6*r(z) - 17*y(z). Suppose -3*t = -6 + 27. What is q(t)?
14
Suppose -3*j - 5 = 2*j. Let w(q) = -7*q**2 + 17*q - 11. Let i = 9 - 3. Let t(u) = 3*u**2 - 8*u + 5. Let d(g) = i*w(g) + 13*t(g). What is d(j)?
-2
Let w(y) = y**3 + 6*y**2 + 2*y - 7. Let h be (-4)/10 - 328/(-20). Let r = h + -14. Suppose r*k + 3 + 7 = 0. Determine w(k).
8
Let c = -37 + 17. Let l be c/2*(-11 - -14). Let o be (-37)/6 + (-5)/l. Let x(n) = -n**2 - 6*n - 1. What is x(o)?
-1
Let c(k) = k**3 - 9*k**2 + 16*k - 11. Let v be -11 - 5*(-72)/20. Determine c(v).
3
Let q(s) = -25*s**2 - s. Suppose 0 = 3*w - 4*u + 22 + 18, 74 = -5*w + 3*u. Let f be (0/3 + -2)/(w/(-8)). Determine q(f).
-24
Suppose 3*x - 24 = 5*h - 3*h, -x - h + 8 = 0. Let y(l) = 5*l**2 + 10*l + 11. Let n(j) = -2*j**2 - 3*j - 4. Let u(p) = x*n(p) + 3*y(p). Give u(6).
1
Suppose 0 = l + 3*q - 6, 5*l + 2*q + 14 = -2*q. Let w(a) = a**2 + 3*a. Give w(l).
18
Let u be (-8*(-1)/(-4))/(-1). Let k(x) = -6*x**2 + 1. What is k(u)?
-23
Suppose -28*r + 30*r + 12 = 2*v, 4*r + 42 = -2*v. Let q(c) = 7*c**2 - 10*c + 8. Let s(x) = x**3 + x**2 + x. Let h(j) = -q(j) - s(j). Give h(r).
-8
Let i(p) = 8*p + 2. Let f(q) = 5*q**3 + 8*q - 2*q**3 - 6*q - 4*q**3 - 1 + q**2. Let x be f(-2). Suppose 0 = -2*v + 3*u - x, -v + u - 9 = 3*v. Determine i(v).
-14
Suppose 0*r + 10 = 2*r. Suppose 3*n - 5*t + r = -n, -4*n + 2*t = 2. Let l(u) = -2*u**3 - 11 + u**2 + u**3 - 50*u + 51*u. What is l(n)?
-11
Let y(c) = c - 4. Suppose 34 = -10*v + 114. Give y(v).
4
Let d be 0 + 1 - (-4)/1. Suppose -146 = -3*t + 5*g, 2*t - 3*g = 157 - 61. Let j(a) = -t*a - 3 + 0*a**2 + a**2 - 38*a + 77*a. Determine j(d).
7
Suppose -2*t + 2*p + 3*p = -27, -15 = -5*t + 2*p. Let c(g) = g + 1. Let u(z) = z**2 - 6*z - 3. Let d(y) = 4*c(y) + u(y). Determine d(t).
0
Let n(j) = -j. Let c(t) = t**2 - 10*t + 5. Let k(d) = -c(d) + 6*n(d). Let i = 15 + -10. What is k(i)?
-10
Let o(s) be the third derivative of s**3 - 8*s**2 + 0 - 1/24*s**4 + 0*s. Calculate o(3).
3
Let u be (-6 + 3)*(2/(-6) - -1). Let y = u + 10. Let i(l) = 2*l - 12. Determine i(y).
4
Let d(h) be the second derivative of h**3/3 + 3*h**2 + 2*h. Let v(q) = -6*q + 36. Let o be v(5). Give d(o).
18
Let y = 126 - 120. Let d(u) = -u**2 + 5*u + 4. Determine d(y).
-2
Let z(g) = 3*g + 1231 - 1237 - 4*g. Give z(-3).
-3
Let k(z) = 13*z**2 - 2*z - 1. Let r(l) = l**2 - 45. Let p be r(7). Suppose -c = -p*j + 8 + 9, -8 = -2*j. Determine k(c).
14
Suppose 0 = -10*n - 11*n + 126. Let w(o) = o**3 - 7*o**2 + 5*o - 5. Determine w(n).
-11
Let g(v) be the third derivative of v**4/6 - v**3/3 - 244*v**2 - 2*v. Determine g(-5).
-22
Let m(j) = j**3 + 6*j**2 - j - 10. Let d(y) = y**3 + y**2 - 21*y - 11. Let c be d(-5). Calculate m(c).
-4
Suppose -7*s = 4*s - 44. Let x(v) be the third derivative of 0*v + 0 + 1/120*v**6 + 1/30*v**5 + 0*v**s - 2*v**2 + 1/2*v**3. What is x(-3)?
-6
Let v(y) = 8*y**2 + 1. Let r be (-9)/90 + 3/30 - -1. Give v(r).
9
Let m(s) = -s + 16. Suppose c + 27 = -65. Let n = 92 + c. What is m(n)?
16
Let k(g) = g**3 + 6*g**2 + 3*g + 9. Let s(y) = -y**2 - 27*y - 28. Let l be s(-23). Let u = l - 70. What is k(u)?
-9
Suppose -4*p = -5*g - 10, 2*g - 